 -o = 3*h - d. Is 17 a factor of (-4)/14 - h/49?
False
Suppose -1 + 9 = 4*q. Let b = q - 5. Let y(r) = -2*r**3 - 5*r**2 - 3*r + 4. Is 8 a factor of y(b)?
False
Let h = 1299 - 766. Is 18 a factor of h?
False
Suppose d - 112 = 2*u, 3*d + 4*u = 168 + 158. Suppose -7*r + 2*r = -d. Is 11 a factor of r?
True
Suppose -3*t - 3 = 4*o, -o - 4*t + 11 = 2. Let m(b) = -3*b**2 + 2 - 5*b**3 - 3*b**2 + 2*b**2. Is 17 a factor of m(o)?
False
Let d be 3/(-2 - 1) - -3. Let z be 6/(-12)*36/d. Let u = z - -21. Does 11 divide u?
False
Let t be (1 + 1 - 22)/2. Let c(j) = j**3 + 15*j**2 + 25*j + 10. Does 13 divide c(t)?
True
Let n = -3 - 4. Is 10 a factor of n*-9*(-30)/(-63)?
True
Let w = -2366 - -2626. Is w a multiple of 13?
True
Let q(t) = t**3 + 49*t**2 - 15*t - 144. Is 9 a factor of q(-48)?
True
Suppose -b - 2807 = -5*a, a = 4*b + 193 + 376. Does 13 divide a?
False
Suppose -z + 51 = -149. Suppose 0 = -4*u + 3*u - i + 44, -4*u + 4*i + z = 0. Is u a multiple of 40?
False
Let a be 1 + -1 - (4 - 4). Let o be -17 - (a/(-1) - 2). Is (10/o)/(4/(-42)) even?
False
Suppose 2*a = 2*j + 724, 4*a + 34*j - 1448 = 31*j. Does 8 divide a?
False
Let h = 2111 - 1295. Is h a multiple of 24?
True
Suppose 4*r - d = 825, -2*r + 73 + 347 = 2*d. Let v = r - 137. Does 9 divide v?
False
Suppose 79*s - 80*s - 2 = 0, -5*t = 3*s - 1019. Is 11 a factor of t?
False
Let h(o) = o**3 - 7*o**2 - 7*o - 13. Suppose 45 = -2*a + 7*a. Does 14 divide h(a)?
False
Let x(l) = l**3 + 29*l**2 + 55*l + 31. Is 4 a factor of x(-27)?
True
Suppose p + 7 = m, -4*p + 12 = -2*m + 22. Let u(y) = -y + 5. Let c(n) = 2*n - 5. Let d(t) = 3*c(t) + 2*u(t). Is 8 a factor of d(m)?
False
Is 659 + 108/81 + (-22)/(-6) a multiple of 7?
False
Let s(b) = -4*b - 14. Let o be s(-7). Let t(y) = y**2 - 6*y + 14. Is 42 a factor of t(o)?
True
Suppose u - 4*q - 2329 = -0*q, 2 = -2*q. Is 31 a factor of u?
True
Does 8 divide (-862 + 7)*30/(-45)?
False
Suppose 4*a - 356 = -5*u, 5*u = -0*u - 3*a + 357. Suppose -u = -6*t + 3*t. Suppose i = -0*i + t. Is 10 a factor of i?
False
Let w = 2611 + 581. Is 76 a factor of w?
True
Is 6 a factor of (7/7)/((-8)/(-752))?
False
Let d(w) = -w**3 - w**2 - 2*w - 1. Let x be d(-4). Suppose x*n - 57*n = -216. Is n a multiple of 13?
False
Let g(m) = 2*m - 6. Let p be g(4). Let v be -1*1 - p/(-2). Is (v - -1)/((-2)/(-54)) a multiple of 12?
False
Suppose 0 = 2*f - 0*f + 4*m - 36, 3*f + 4*m = 46. Suppose 0 = -5*n + 3*l + 2*l + f, 5*n + 4*l - 37 = 0. Does 3 divide n?
False
Is ((-72)/14)/(6/(-616) - 0) a multiple of 40?
False
Suppose 74 = -5*i - 31. Does 4 divide 1 - (i/14 - (-19)/(-2))?
True
Let x(n) = 102*n**2 - n + 4 + 3*n - 104*n**2 - 5*n**3. Is 23 a factor of x(-3)?
True
Let t be -2*1*1/(-2). Let z be (-27)/(-3)*(3 + (-232)/24). Does 8 divide ((-4)/10)/(t/z)?
True
Let q(l) = 162*l + 27. Is 54 a factor of q(1)?
False
Suppose -183 = -2*x - 3*y, -471 = -152*x + 147*x - 3*y. Is x a multiple of 32?
True
Let z(g) = 4*g - 33. Let r be z(9). Is -20*6/((-18)/4 - r) a multiple of 16?
True
Suppose 0*i - 1568 = -7*i. Let w = -140 + i. Does 21 divide w?
True
Suppose -3840 = -27*z - 5*z. Is 30 a factor of z?
True
Suppose 2*b + 4*n = 1884, 4*n - 3753 = -4*b + n. Is 39 a factor of b?
True
Suppose -159 = -2*u + 259. Suppose -4*i - a = -u, i = 3*i + a - 105. Does 18 divide i?
False
Let r(a) = a**3 + 7*a**2 + 6*a - 3. Let d be r(-6). Let j be d - (2 - 3 - 44). Suppose -b = -j - 21. Is 25 a factor of b?
False
Suppose 96 + 28 = 5*c - 2*i, 4*c - 101 = i. Suppose 12*b + c = 14*b. Is b a multiple of 13?
True
Let b be (12/(-15))/((-2)/(-10)). Let d be 15/9 + b/(-12). Suppose 4*t + 4*q = 176, 2 - 10 = d*q. Is t a multiple of 16?
True
Suppose -2*l = j - 15, j - 20 = -4*j + l. Suppose -17 + 267 = j*v. Does 7 divide v?
False
Let s be 3/(-4) - (-11)/4. Suppose 6*n = -s*n + 168. Does 5 divide n?
False
Let n(c) = -c**2 - 6*c. Suppose -3*r = -s - 18, 1 = -s - r - 1. Let b be n(s). Suppose 364 = 3*o - k, -5*k - 3 + 28 = b. Is o a multiple of 26?
False
Let h = -106 - -109. Suppose 107 = h*i + 32. Does 25 divide i?
True
Let u be 4*((-9)/4)/(-3). Suppose 0 = u*f, 2*f = 4*g - 438 - 302. Let z = g - 94. Is 15 a factor of z?
False
Let y(q) = q - 7. Let k be y(18). Let m = 47 - k. Is m a multiple of 36?
True
Let m(x) be the second derivative of -x**3/2 + 5*x**2/2 - x. Let g = 33 + -38. Does 10 divide m(g)?
True
Let t(g) = g**2 + g + 5. Suppose 3*h + 8 + 7 = 3*l, -5*l + h = -45. Does 33 divide t(l)?
False
Suppose 585 = t - 4*u - 271, -3*t + 2553 = 3*u. Does 12 divide t?
True
Let h(k) = k**3 + 5*k**2 + 5*k + 1. Let i be h(-5). Let o = 6 - i. Is 6 a factor of o?
True
Let a = -87 - -202. Is (3 - a/20)/(1/(-68)) a multiple of 36?
False
Is 16 a factor of (-18396)/1095*(-1 + (-34)/6)?
True
Suppose 0*g + 10 = 2*g. Let a(q) = 5*q - 5*q - 3 + g*q + q. Is 27 a factor of a(5)?
True
Let f(d) = 23*d + 2. Let n be f(-2). Let i be (-11)/n + 50/(-8). Let q(o) = -o**3 - 4*o**2 + 6*o - 8. Is 28 a factor of q(i)?
True
Suppose 5*x = -4*x + 18. Suppose 831 = 5*k + 3*o - x*o, -k - 5*o = -147. Does 16 divide k?
False
Let b(w) = 5*w - 22. Let c be b(5). Suppose 0 = -c*n + n + 420. Does 35 divide n?
True
Suppose -2*l - 232 = -2*s - l, -2*s + 3*l = -232. Does 22 divide s?
False
Let u = -128 + 75. Let y = 94 + u. Is 40 a factor of y?
False
Suppose 5*q - 4*d = 42, q - d = -2*d + 3. Suppose 13 + q = -c. Let n = c - -92. Does 32 divide n?
False
Let v = 38 + -34. Let k = 21 - v. Does 7 divide k?
False
Is (-78 - -77)/((-2)/82) a multiple of 41?
True
Let c(t) be the first derivative of 11*t**7/420 + t**6/360 - t**5/120 - 2*t**3/3 - 5. Let y(r) be the third derivative of c(r). Is y(1) a multiple of 4?
False
Let a(d) = 2*d**2 - 11*d + 7. Suppose 9*o - 6*o = 18. Does 3 divide a(o)?
False
Suppose -3*t - 30 = -9*t. Suppose t*i - 882 = -i. Does 29 divide i?
False
Let a(x) = 26*x**2 - 6*x - 7. Is 7 a factor of a(4)?
True
Suppose -g - b - 8 + 69 = 0, 0 = -4*g + 4*b + 260. Is 3 a factor of g?
True
Let s be -6*(-2)/(-4)*-1. Suppose -2*p - 5*m + 14 - s = 0, 4*p = m + 11. Suppose -q - h + 4 + p = 0, -5*q + 2*h = -63. Is q a multiple of 2?
False
Let w(o) = -o**3 - 5*o**2 - o + 12. Let s be w(-5). Let m be 1 - 4*1/2. Let p = s + m. Is p a multiple of 16?
True
Suppose 4 = 2*z - 5*q - 15, -z + 22 = -5*q. Let s = 2 - z. Suppose 0 = -2*c - u + s*u + 26, u = -5*c + 98. Does 12 divide c?
False
Let f be (852/4)/1 + 3. Suppose -3*c + 2*j + 225 = 0, 4*c - c - 5*j = f. Is 9 a factor of c?
False
Let z = -122 + 120. Is 18 a factor of (-4)/6*(-206 - (6 + z))?
False
Let h = -40 - -28. Let r = 8 + h. Let b(n) = -13*n - 8. Is 15 a factor of b(r)?
False
Let u(h) = 2*h**2 - 21*h - 4. Is u(14) a multiple of 21?
False
Let m be 5138/112 - 2/(-16). Let k = 62 - m. Does 2 divide k?
True
Let s be -36*100/(-6)*(-2 + 1). Let i = s - -949. Does 33 divide i?
False
Suppose 30*a - 35*a + 155 = 0. Suppose -3*p = y - 15 - a, 3*p = 4*y + 71. Is p a multiple of 2?
False
Suppose -5638 = -3*b - 5*v, 3*b + v - 6800 = -1182. Is b a multiple of 6?
False
Let i = 324 + -107. Let v = 5 - 2. Suppose -4*j + p + i = 51, -p - 124 = -v*j. Is 21 a factor of j?
True
Suppose d = 2*o - 6*o + 1326, -2*d + 2655 = 5*o. Is d a multiple of 38?
True
Let c(g) = -14*g + 48. Is 26 a factor of c(-11)?
False
Let b = 35 - 79. Let f = b - -156. Does 29 divide f?
False
Let v(n) = 2*n**2 - 2*n. Let y = 18 + -11. Let x = 5 - y. Is 6 a factor of v(x)?
True
Let p be (-7)/(-2)*(-132)/(-77). Suppose -h = -p*h. Let j = h - -3. Is j a multiple of 2?
False
Let m(d) be the first derivative of -d**3/3 + 5*d**2 - 4*d - 3. Does 8 divide m(8)?
False
Suppose -15*q = -14*q - 3. Suppose 0 = -2*s - 2*b + 156, 3*b = -q*s + b + 239. Is 12 a factor of s?
False
Let o be (-16)/20 + (-49)/(-5). Let k(g) = -g**3 + 8*g**2 + 13*g - 11. Is 20 a factor of k(o)?
False
Suppose 4*y = 3*c - 12, -y = -0*c + c + 3. Suppose c = -18*r + 14*r + 172. Does 11 divide r?
False
Let f be 90/(-4)*(-3228)/(-9). Is 4/10 + f/(-75) a multiple of 12?
True
Let s = 4 + -4. Let u = 752 + -332. Suppose 7*j + s*j - u = 0. Is j a multiple of 12?
True
Let d(i) = i**3 - 4*i**2 - 5*i - 5. Suppose -5*s - 2 = -3*y + 3, 0 = -3*y - 2*s + 19. Let l be d(y). Does 28 divide -3 - (3 + l) - -82?
False
Suppose 25 = -p + 30. Suppose -p*w = -w - 44. Is w a multiple of 11?
True
Suppose -3*a = -x - 3020, -16*x = -a - 14*x + 1000. I